{"id":112,"date":"2026-03-03T19:09:23","date_gmt":"2026-03-03T19:09:23","guid":{"rendered":"https:\/\/pisam.de\/?page_id=112"},"modified":"2026-03-20T15:07:19","modified_gmt":"2026-03-20T15:07:19","slug":"astrofotos-kommentiert","status":"publish","type":"page","link":"https:\/\/pisam.de\/index.php\/astrofotos-kommentiert\/","title":{"rendered":"Astrofotos"},"content":{"rendered":"\n<div class=\"wp-block-media-text is-stacked-on-mobile\" style=\"grid-template-columns:34% auto\"><figure class=\"wp-block-media-text__media\"><a href=\"https:\/\/pisam.de\/wordpress\/wp-content\/uploads\/2026\/03\/M42_PKN-scaled.jpg\"><img loading=\"lazy\" decoding=\"async\" width=\"1024\" height=\"705\" src=\"https:\/\/pisam.de\/wordpress\/wp-content\/uploads\/2026\/03\/M42_PKN-1024x705.jpg\" alt=\"\" class=\"wp-image-82 size-full\" srcset=\"https:\/\/pisam.de\/wordpress\/wp-content\/uploads\/2026\/03\/M42_PKN-1024x705.jpg 1024w, https:\/\/pisam.de\/wordpress\/wp-content\/uploads\/2026\/03\/M42_PKN-300x207.jpg 300w, https:\/\/pisam.de\/wordpress\/wp-content\/uploads\/2026\/03\/M42_PKN-768x529.jpg 768w, https:\/\/pisam.de\/wordpress\/wp-content\/uploads\/2026\/03\/M42_PKN-1536x1058.jpg 1536w, https:\/\/pisam.de\/wordpress\/wp-content\/uploads\/2026\/03\/M42_PKN-2048x1410.jpg 2048w\" sizes=\"auto, (max-width: 1024px) 100vw, 1024px\" \/><\/a><\/figure><div class=\"wp-block-media-text__content\">\n<p style=\"font-size:clamp(20.515px, 1.282rem + ((1vw - 3.2px) * 1.224), 33px);\"><strong><a href=\"http:\/\/www.messier.seds.org\/m\/m042.html\">Pferdekopf- und Orionnebel<\/a><\/strong><\/p>\n\n\n\n<p>Das Bild wurde im Dezember 2018 aufgenommen in meiner namibischen Remote-Sternwarte mit einer SBIG STXL-11002 und einem Refraktor Takahashi FSQ-106. Es handelt sich um ein Mosaik aus zwei Bildern. F\u00fcr jedes der Bilder wurden in den drei Farbkan\u00e4len RGB sieben Aufnahmen mit jeweils 5 Minuten Belichtungszeit verwendet. F\u00fcr die Bildbearbeitung habe ich MaxIm DL benutzt.<br>Die beiden Objekte, der Orion-Nebel M 42 rechts oben im Bild und der Pferdekopf-Nebel IC 434 links unten, werden sehr h\u00e4ufig in getrennten Bildern und nur selten zusammen in einer einzigen Aufnahme gezeigt. Der Grund ist vermutlich ihre unterschiedliche Helligkeit, die auch in diesem Bild dazu f\u00fchrt, dass Teile von M 42 \u00fcberbelichtet sind, w\u00e4hrend der Pferdekopf-Nebel sich nur schwach vom Hintergrund abhebt. Dem k\u00f6nnte man entgegenwirken durch gezielten Einsatz von Methoden der Bildbearbeitung. Aus prinzipiellen Gr\u00fcnden, die ich unter dem Stichwort \u201cFototechnik\u201d erl\u00e4utert habe, will ich bei der Aufbereitung meiner Astrobilder jedoch m\u00f6glichst nahe an der \u201cnat\u00fcrlichen Farbe\u201d bleiben und nehme deshalb Nachteile in der Kontrastdarstellung in Kauf.<\/p>\n<\/div><\/div>\n\n\n\n<div class=\"wp-block-media-text is-stacked-on-mobile\" style=\"grid-template-columns:34% auto\"><figure class=\"wp-block-media-text__media\"><a href=\"https:\/\/pisam.de\/wordpress\/wp-content\/uploads\/2026\/03\/Pferdekopf-und-Flammennebel2.jpg\"><img loading=\"lazy\" decoding=\"async\" width=\"1024\" height=\"640\" src=\"https:\/\/pisam.de\/wordpress\/wp-content\/uploads\/2026\/03\/Pferdekopf-und-Flammennebel2-1024x640.jpg\" alt=\"\" class=\"wp-image-91 size-full\" srcset=\"https:\/\/pisam.de\/wordpress\/wp-content\/uploads\/2026\/03\/Pferdekopf-und-Flammennebel2-1024x640.jpg 1024w, https:\/\/pisam.de\/wordpress\/wp-content\/uploads\/2026\/03\/Pferdekopf-und-Flammennebel2-300x188.jpg 300w, https:\/\/pisam.de\/wordpress\/wp-content\/uploads\/2026\/03\/Pferdekopf-und-Flammennebel2-768x480.jpg 768w, https:\/\/pisam.de\/wordpress\/wp-content\/uploads\/2026\/03\/Pferdekopf-und-Flammennebel2-1536x960.jpg 1536w, https:\/\/pisam.de\/wordpress\/wp-content\/uploads\/2026\/03\/Pferdekopf-und-Flammennebel2-2048x1280.jpg 2048w\" sizes=\"auto, (max-width: 1024px) 100vw, 1024px\" \/><\/a><\/figure><div class=\"wp-block-media-text__content\">\n<p style=\"font-size:clamp(18.434px, 1.152rem + ((1vw - 3.2px) * 1.036), 29px);\"><strong>Der Pferdekopf- und der Flammennebel<\/strong><\/p>\n\n\n\n<p>bilden zusammen eines der am meisten fotografierten Motive am Sternhimmel.<\/p>\n\n\n\n<p>Die Aufnahme entstand in in Sellendorf (Brandenburg) im Dezember 2022 mit einem Astro-Physics 5\u2033-Refraktor und einer QHY600 Kamera.<\/p>\n<\/div><\/div>\n\n\n\n<div class=\"wp-block-media-text is-stacked-on-mobile\" style=\"grid-template-columns:34% auto\"><figure class=\"wp-block-media-text__media\"><a href=\"https:\/\/pisam.de\/wordpress\/wp-content\/uploads\/2026\/03\/M42-geschaerft-scaled.jpg\"><img decoding=\"async\" src=\"https:\/\/pisam.de\/wordpress\/wp-content\/uploads\/2026\/03\/M42-geschaerft-1024x683.jpg\" alt=\"\" class=\"wp-image-205 size-full\"\/><\/a><\/figure><div class=\"wp-block-media-text__content\">\n<p style=\"font-size:clamp(18.434px, 1.152rem + ((1vw - 3.2px) * 1.036), 29px);\"><strong><a href=\"http:\/\/www.messier.seds.org\/m\/m042.html\">Der Orionnebel M 42<\/a><\/strong><\/p>\n\n\n\n<p>eines der eindrucksvollsten Objekte f\u00fcr den Amateurfotografen am Nachthimmel.<\/p>\n\n\n\n<p style=\"font-size:clamp(14.642px, 0.915rem + ((1vw - 3.2px) * 0.721), 22px);\">Die Aufnahme entstand 2015 in Namibia an einem 50cm-Cassegrain-Teleskop, ca. 1700 mm Brennweite, der IAS (Internationale Amateur-Sternwarte)  mit einer Canon 6D Kamera.<\/p>\n<\/div><\/div>\n\n\n\n<div class=\"wp-block-media-text is-stacked-on-mobile\" style=\"grid-template-columns:34% auto\"><figure class=\"wp-block-media-text__media\"><a href=\"https:\/\/pisam.de\/wordpress\/wp-content\/uploads\/2026\/03\/M45-scaled.jpg\"><img loading=\"lazy\" decoding=\"async\" width=\"1024\" height=\"668\" src=\"https:\/\/pisam.de\/wordpress\/wp-content\/uploads\/2026\/03\/M45-1024x668.jpg\" alt=\"\" class=\"wp-image-180 size-full\" srcset=\"https:\/\/pisam.de\/wordpress\/wp-content\/uploads\/2026\/03\/M45-1024x668.jpg 1024w, https:\/\/pisam.de\/wordpress\/wp-content\/uploads\/2026\/03\/M45-300x196.jpg 300w, https:\/\/pisam.de\/wordpress\/wp-content\/uploads\/2026\/03\/M45-768x501.jpg 768w, https:\/\/pisam.de\/wordpress\/wp-content\/uploads\/2026\/03\/M45-1536x1001.jpg 1536w, https:\/\/pisam.de\/wordpress\/wp-content\/uploads\/2026\/03\/M45-2048x1335.jpg 2048w\" sizes=\"auto, (max-width: 1024px) 100vw, 1024px\" \/><\/a><\/figure><div class=\"wp-block-media-text__content\">\n<p style=\"font-size:clamp(14.642px, 0.915rem + ((1vw - 3.2px) * 0.721), 22px);\"><a href=\"http:\/\/www.messier.seds.org\/m\/m045.html\"><strong>Die Plejaden,<\/strong><\/a><br>das Siebengestirn, bilden einen offenen Sternhaufen, der schon mit blo\u00dfem Auge am Wintersternhimmel beobachtet werden kann und in einem einfachen Feldstecher einen wunderbaren Anblick bietet. Die in wei\u00dflich-bl\u00e4ulichem Licht scheinenden Sterne bildeten sich vor ca. 100 Millionen Jahren und sind damit nach kosmischen Ma\u00dfst\u00e4ben noch sehr jung. Sie sind umgeben von einer Staubwolke, die das Sternenlicht streut.<\/p>\n\n\n\n<p>Die Aufnahme entstand in Namibia im Oktober 2018 mit einem Takahashi FSQ-106 und einer SBIG STXL-11002.<\/p>\n<\/div><\/div>\n\n\n\n<div class=\"wp-block-media-text is-stacked-on-mobile\" style=\"grid-template-columns:34% auto\"><figure class=\"wp-block-media-text__media\"><a href=\"https:\/\/pisam.de\/wordpress\/wp-content\/uploads\/2026\/03\/Zentaurus-A-Maerz-2025-komp-scaled.jpg\"><img loading=\"lazy\" decoding=\"async\" width=\"1024\" height=\"640\" src=\"https:\/\/pisam.de\/wordpress\/wp-content\/uploads\/2026\/03\/Zentaurus-A-Maerz-2025-komp-1024x640.jpg\" alt=\"\" class=\"wp-image-514 size-full\" srcset=\"https:\/\/pisam.de\/wordpress\/wp-content\/uploads\/2026\/03\/Zentaurus-A-Maerz-2025-komp-1024x640.jpg 1024w, https:\/\/pisam.de\/wordpress\/wp-content\/uploads\/2026\/03\/Zentaurus-A-Maerz-2025-komp-300x188.jpg 300w, https:\/\/pisam.de\/wordpress\/wp-content\/uploads\/2026\/03\/Zentaurus-A-Maerz-2025-komp-768x480.jpg 768w, https:\/\/pisam.de\/wordpress\/wp-content\/uploads\/2026\/03\/Zentaurus-A-Maerz-2025-komp-1536x960.jpg 1536w, https:\/\/pisam.de\/wordpress\/wp-content\/uploads\/2026\/03\/Zentaurus-A-Maerz-2025-komp-2048x1280.jpg 2048w\" sizes=\"auto, (max-width: 1024px) 100vw, 1024px\" \/><\/a><\/figure><div class=\"wp-block-media-text__content\">\n<p><a href=\"https:\/\/de.wikipedia.org\/wiki\/Centaurus_A\">Centaurus-A<\/a><\/p>\n<\/div><\/div>\n\n\n\n<div class=\"wp-block-media-text is-stacked-on-mobile\" style=\"grid-template-columns:34% auto\"><figure class=\"wp-block-media-text__media\"><a href=\"https:\/\/pisam.de\/wordpress\/wp-content\/uploads\/2026\/03\/NGC-1365-Dez-2023-scaled.jpg\"><img loading=\"lazy\" decoding=\"async\" width=\"1024\" height=\"640\" src=\"https:\/\/pisam.de\/wordpress\/wp-content\/uploads\/2026\/03\/NGC-1365-Dez-2023-1024x640.jpg\" alt=\"\" class=\"wp-image-515 size-full\" srcset=\"https:\/\/pisam.de\/wordpress\/wp-content\/uploads\/2026\/03\/NGC-1365-Dez-2023-1024x640.jpg 1024w, https:\/\/pisam.de\/wordpress\/wp-content\/uploads\/2026\/03\/NGC-1365-Dez-2023-300x188.jpg 300w, https:\/\/pisam.de\/wordpress\/wp-content\/uploads\/2026\/03\/NGC-1365-Dez-2023-768x480.jpg 768w, https:\/\/pisam.de\/wordpress\/wp-content\/uploads\/2026\/03\/NGC-1365-Dez-2023-1536x960.jpg 1536w, https:\/\/pisam.de\/wordpress\/wp-content\/uploads\/2026\/03\/NGC-1365-Dez-2023-2048x1280.jpg 2048w\" sizes=\"auto, (max-width: 1024px) 100vw, 1024px\" \/><\/a><\/figure><div class=\"wp-block-media-text__content\">\n<p style=\"font-size:clamp(14.642px, 0.915rem + ((1vw - 3.2px) * 0.721), 22px);\"><a href=\"https:\/\/de.wikipedia.org\/wiki\/NGC_1365\">https:\/\/de.wikipedia.org\/wiki\/NGC_1365<\/a><br><\/p>\n\n\n\n<p>PlaneWave 12,5&#8243;  Namibia<\/p>\n\n\n\n<div style=\"height:100px\" aria-hidden=\"true\" class=\"wp-block-spacer\"><\/div>\n<\/div><\/div>\n\n\n\n<div class=\"wp-block-media-text is-stacked-on-mobile\" style=\"grid-template-columns:34% auto\"><figure class=\"wp-block-media-text__media\"><a href=\"https:\/\/pisam.de\/wordpress\/wp-content\/uploads\/2026\/03\/Fornax-Haufen-LRGB-scaled.jpg\"><img loading=\"lazy\" decoding=\"async\" width=\"1024\" height=\"662\" src=\"https:\/\/pisam.de\/wordpress\/wp-content\/uploads\/2026\/03\/Fornax-Haufen-LRGB-1024x662.jpg\" alt=\"\" class=\"wp-image-441 size-full\" srcset=\"https:\/\/pisam.de\/wordpress\/wp-content\/uploads\/2026\/03\/Fornax-Haufen-LRGB-1024x662.jpg 1024w, https:\/\/pisam.de\/wordpress\/wp-content\/uploads\/2026\/03\/Fornax-Haufen-LRGB-300x194.jpg 300w, https:\/\/pisam.de\/wordpress\/wp-content\/uploads\/2026\/03\/Fornax-Haufen-LRGB-768x496.jpg 768w, https:\/\/pisam.de\/wordpress\/wp-content\/uploads\/2026\/03\/Fornax-Haufen-LRGB-1536x992.jpg 1536w, https:\/\/pisam.de\/wordpress\/wp-content\/uploads\/2026\/03\/Fornax-Haufen-LRGB-2048x1323.jpg 2048w\" sizes=\"auto, (max-width: 1024px) 100vw, 1024px\" \/><\/a><\/figure><div class=\"wp-block-media-text__content\">\n<p style=\"font-size:clamp(14.642px, 0.915rem + ((1vw - 3.2px) * 0.721), 22px);\"><strong><a href=\"https:\/\/de.wikipedia.org\/wiki\/Fornax-Galaxienhaufen\">Fornax Galaxienhaufen<\/a><\/strong><br><\/p>\n\n\n\n<p>Die Aufnahme entstand in Namibia im Oktober 2018 mit einem Takahashi FSQ-106 und einer SBIG STXL-11002.<\/p>\n\n\n\n<div style=\"height:100px\" aria-hidden=\"true\" class=\"wp-block-spacer\"><\/div>\n<\/div><\/div>\n\n\n\n<div class=\"wp-block-media-text is-stacked-on-mobile\" style=\"grid-template-columns:34% auto\"><figure class=\"wp-block-media-text__media\"><a href=\"https:\/\/pisam.de\/wordpress\/wp-content\/uploads\/2026\/03\/LeoTriplett2-1.jpg\"><img loading=\"lazy\" decoding=\"async\" width=\"1024\" height=\"693\" src=\"https:\/\/pisam.de\/wordpress\/wp-content\/uploads\/2026\/03\/LeoTriplett2-1-1024x693.jpg\" alt=\"\" class=\"wp-image-440 size-full\" srcset=\"https:\/\/pisam.de\/wordpress\/wp-content\/uploads\/2026\/03\/LeoTriplett2-1-1024x693.jpg 1024w, https:\/\/pisam.de\/wordpress\/wp-content\/uploads\/2026\/03\/LeoTriplett2-1-300x203.jpg 300w, https:\/\/pisam.de\/wordpress\/wp-content\/uploads\/2026\/03\/LeoTriplett2-1-768x520.jpg 768w, https:\/\/pisam.de\/wordpress\/wp-content\/uploads\/2026\/03\/LeoTriplett2-1-1536x1040.jpg 1536w, https:\/\/pisam.de\/wordpress\/wp-content\/uploads\/2026\/03\/LeoTriplett2-1.jpg 2044w\" sizes=\"auto, (max-width: 1024px) 100vw, 1024px\" \/><\/a><\/figure><div class=\"wp-block-media-text__content\">\n<p style=\"font-size:clamp(14.642px, 0.915rem + ((1vw - 3.2px) * 0.721), 22px);\"><a href=\"https:\/\/de.wikipedia.org\/wiki\/M66-Gruppe\">Das Leo-Triplett<\/a><br><\/p>\n<\/div><\/div>\n\n\n\n<div style=\"height:42px\" aria-hidden=\"true\" class=\"wp-block-spacer\"><\/div>\n\n\n\n<div class=\"wp-block-media-text is-stacked-on-mobile\" style=\"grid-template-columns:34% auto\"><figure class=\"wp-block-media-text__media\"><a href=\"https:\/\/pisam.de\/wordpress\/wp-content\/uploads\/2026\/03\/M_83-HaRGB-e1773723243445.jpg\"><img loading=\"lazy\" decoding=\"async\" width=\"1024\" height=\"640\" src=\"https:\/\/pisam.de\/wordpress\/wp-content\/uploads\/2026\/03\/M_83-HaRGB-e1773723243445-1024x640.jpg\" alt=\"\" class=\"wp-image-448 size-full\" srcset=\"https:\/\/pisam.de\/wordpress\/wp-content\/uploads\/2026\/03\/M_83-HaRGB-e1773723243445-1024x640.jpg 1024w, https:\/\/pisam.de\/wordpress\/wp-content\/uploads\/2026\/03\/M_83-HaRGB-e1773723243445-300x188.jpg 300w, https:\/\/pisam.de\/wordpress\/wp-content\/uploads\/2026\/03\/M_83-HaRGB-e1773723243445-768x480.jpg 768w, https:\/\/pisam.de\/wordpress\/wp-content\/uploads\/2026\/03\/M_83-HaRGB-e1773723243445-1536x960.jpg 1536w, https:\/\/pisam.de\/wordpress\/wp-content\/uploads\/2026\/03\/M_83-HaRGB-e1773723243445-2048x1280.jpg 2048w\" sizes=\"auto, (max-width: 1024px) 100vw, 1024px\" \/><\/a><\/figure><div class=\"wp-block-media-text__content\">\n<p style=\"font-size:clamp(14.642px, 0.915rem + ((1vw - 3.2px) * 0.721), 22px);\"><a href=\"http:\/\/www.messier.seds.org\/m\/m083.html\">Spiralgalaxie M 83 in Hydra<\/a><\/p>\n<\/div><\/div>\n\n\n\n<div style=\"height:42px\" aria-hidden=\"true\" class=\"wp-block-spacer\"><\/div>\n\n\n\n<div class=\"wp-block-media-text is-stacked-on-mobile\" style=\"grid-template-columns:34% auto\"><figure class=\"wp-block-media-text__media\"><a href=\"https:\/\/pisam.de\/wordpress\/wp-content\/uploads\/2026\/03\/M-104.jpg\"><img loading=\"lazy\" decoding=\"async\" width=\"1024\" height=\"640\" src=\"https:\/\/pisam.de\/wordpress\/wp-content\/uploads\/2026\/03\/M-104-1024x640.jpg\" alt=\"\" class=\"wp-image-450 size-full\" srcset=\"https:\/\/pisam.de\/wordpress\/wp-content\/uploads\/2026\/03\/M-104-1024x640.jpg 1024w, https:\/\/pisam.de\/wordpress\/wp-content\/uploads\/2026\/03\/M-104-300x188.jpg 300w, https:\/\/pisam.de\/wordpress\/wp-content\/uploads\/2026\/03\/M-104-768x480.jpg 768w, https:\/\/pisam.de\/wordpress\/wp-content\/uploads\/2026\/03\/M-104-1536x960.jpg 1536w, https:\/\/pisam.de\/wordpress\/wp-content\/uploads\/2026\/03\/M-104.jpg 1600w\" sizes=\"auto, (max-width: 1024px) 100vw, 1024px\" \/><\/a><\/figure><div class=\"wp-block-media-text__content\">\n<p><a href=\"http:\/\/www.messier.seds.org\/m\/m104.html\">Sombrerogalaxie M 104<\/a>, 2023<br><\/p>\n<\/div><\/div>\n\n\n\n<div style=\"height:42px\" aria-hidden=\"true\" class=\"wp-block-spacer\"><\/div>\n\n\n\n<div class=\"wp-block-media-text is-stacked-on-mobile\" style=\"grid-template-columns:34% auto\"><figure class=\"wp-block-media-text__media\"><a href=\"https:\/\/pisam.de\/wordpress\/wp-content\/uploads\/2026\/03\/Sombrerogalaxie.jpg\"><img loading=\"lazy\" decoding=\"async\" width=\"1024\" height=\"626\" src=\"https:\/\/pisam.de\/wordpress\/wp-content\/uploads\/2026\/03\/Sombrerogalaxie-1024x626.jpg\" alt=\"\" class=\"wp-image-527 size-full\" srcset=\"https:\/\/pisam.de\/wordpress\/wp-content\/uploads\/2026\/03\/Sombrerogalaxie-1024x626.jpg 1024w, https:\/\/pisam.de\/wordpress\/wp-content\/uploads\/2026\/03\/Sombrerogalaxie-300x183.jpg 300w, https:\/\/pisam.de\/wordpress\/wp-content\/uploads\/2026\/03\/Sombrerogalaxie-768x469.jpg 768w, https:\/\/pisam.de\/wordpress\/wp-content\/uploads\/2026\/03\/Sombrerogalaxie.jpg 1380w\" sizes=\"auto, (max-width: 1024px) 100vw, 1024px\" \/><\/a><\/figure><div class=\"wp-block-media-text__content\">\n<p><a href=\"http:\/\/www.messier.seds.org\/m\/m104.html\">Sombrerogalaxie M 104<\/a>, 2012<br><\/p>\n<\/div><\/div>\n\n\n\n<div style=\"height:42px\" aria-hidden=\"true\" class=\"wp-block-spacer\"><\/div>\n\n\n\n<div class=\"wp-block-media-text is-stacked-on-mobile\" style=\"grid-template-columns:34% auto\"><figure class=\"wp-block-media-text__media\"><a href=\"https:\/\/pisam.de\/wordpress\/wp-content\/uploads\/2026\/03\/SMC-HRGB-scaled.jpg\"><img loading=\"lazy\" decoding=\"async\" width=\"1024\" height=\"683\" src=\"https:\/\/pisam.de\/wordpress\/wp-content\/uploads\/2026\/03\/SMC-HRGB-1024x683.jpg\" alt=\"\" class=\"wp-image-525 size-full\" srcset=\"https:\/\/pisam.de\/wordpress\/wp-content\/uploads\/2026\/03\/SMC-HRGB-1024x683.jpg 1024w, https:\/\/pisam.de\/wordpress\/wp-content\/uploads\/2026\/03\/SMC-HRGB-300x200.jpg 300w, https:\/\/pisam.de\/wordpress\/wp-content\/uploads\/2026\/03\/SMC-HRGB-768x512.jpg 768w, https:\/\/pisam.de\/wordpress\/wp-content\/uploads\/2026\/03\/SMC-HRGB-1536x1024.jpg 1536w, https:\/\/pisam.de\/wordpress\/wp-content\/uploads\/2026\/03\/SMC-HRGB-2048x1365.jpg 2048w\" sizes=\"auto, (max-width: 1024px) 100vw, 1024px\" \/><\/a><\/figure><div class=\"wp-block-media-text__content\">\n<p style=\"font-size:clamp(14.642px, 0.915rem + ((1vw - 3.2px) * 0.721), 22px);\"><a href=\"https:\/\/de.wikipedia.org\/wiki\/Gro\u00dfe_Magellansche_Wolke\">Kleine Magellansche Wolke<\/a><br><\/p>\n<\/div><\/div>\n\n\n\n<div style=\"height:42px\" aria-hidden=\"true\" class=\"wp-block-spacer\"><\/div>\n\n\n\n<div class=\"wp-block-media-text is-stacked-on-mobile\" style=\"grid-template-columns:34% auto\"><figure class=\"wp-block-media-text__media\"><a href=\"https:\/\/pisam.de\/wordpress\/wp-content\/uploads\/2026\/03\/Large-Magellanic-Cloud-1-scaled.jpg\"><img loading=\"lazy\" decoding=\"async\" width=\"1024\" height=\"683\" src=\"https:\/\/pisam.de\/wordpress\/wp-content\/uploads\/2026\/03\/Large-Magellanic-Cloud-1-1024x683.jpg\" alt=\"\" class=\"wp-image-451 size-full\" srcset=\"https:\/\/pisam.de\/wordpress\/wp-content\/uploads\/2026\/03\/Large-Magellanic-Cloud-1-1024x683.jpg 1024w, https:\/\/pisam.de\/wordpress\/wp-content\/uploads\/2026\/03\/Large-Magellanic-Cloud-1-300x200.jpg 300w, https:\/\/pisam.de\/wordpress\/wp-content\/uploads\/2026\/03\/Large-Magellanic-Cloud-1-768x512.jpg 768w, https:\/\/pisam.de\/wordpress\/wp-content\/uploads\/2026\/03\/Large-Magellanic-Cloud-1-1536x1024.jpg 1536w, https:\/\/pisam.de\/wordpress\/wp-content\/uploads\/2026\/03\/Large-Magellanic-Cloud-1-2048x1365.jpg 2048w\" sizes=\"auto, (max-width: 1024px) 100vw, 1024px\" \/><\/a><\/figure><div class=\"wp-block-media-text__content\">\n<p style=\"font-size:clamp(14.642px, 0.915rem + ((1vw - 3.2px) * 0.721), 22px);\"><a href=\"https:\/\/de.wikipedia.org\/wiki\/Gro\u00dfe_Magellansche_Wolke\">Gro\u00dfe Magellansche Wolke<\/a><br><\/p>\n<\/div><\/div>\n\n\n\n<div style=\"height:42px\" aria-hidden=\"true\" class=\"wp-block-spacer\"><\/div>\n\n\n\n<div class=\"wp-block-media-text is-stacked-on-mobile\" style=\"grid-template-columns:34% auto\"><figure class=\"wp-block-media-text__media\"><a href=\"https:\/\/pisam.de\/wordpress\/wp-content\/uploads\/2026\/03\/Omega-Centauri-RGB-scaled.jpg\"><img loading=\"lazy\" decoding=\"async\" width=\"1024\" height=\"651\" src=\"https:\/\/pisam.de\/wordpress\/wp-content\/uploads\/2026\/03\/Omega-Centauri-RGB-1024x651.jpg\" alt=\"\" class=\"wp-image-447 size-full\" srcset=\"https:\/\/pisam.de\/wordpress\/wp-content\/uploads\/2026\/03\/Omega-Centauri-RGB-1024x651.jpg 1024w, https:\/\/pisam.de\/wordpress\/wp-content\/uploads\/2026\/03\/Omega-Centauri-RGB-300x191.jpg 300w, https:\/\/pisam.de\/wordpress\/wp-content\/uploads\/2026\/03\/Omega-Centauri-RGB-768x488.jpg 768w, https:\/\/pisam.de\/wordpress\/wp-content\/uploads\/2026\/03\/Omega-Centauri-RGB-1536x977.jpg 1536w, https:\/\/pisam.de\/wordpress\/wp-content\/uploads\/2026\/03\/Omega-Centauri-RGB-2048x1302.jpg 2048w\" sizes=\"auto, (max-width: 1024px) 100vw, 1024px\" \/><\/a><\/figure><div class=\"wp-block-media-text__content\">\n<p><a href=\"https:\/\/de.wikipedia.org\/wiki\/Omega_Centauri\">Omega Centauri<\/a><br><\/p>\n<\/div><\/div>\n\n\n\n<div style=\"height:42px\" aria-hidden=\"true\" class=\"wp-block-spacer\"><\/div>\n\n\n\n<div class=\"wp-block-media-text is-stacked-on-mobile\" style=\"grid-template-columns:34% auto\"><figure class=\"wp-block-media-text__media\"><a href=\"https:\/\/pisam.de\/wordpress\/wp-content\/uploads\/2026\/03\/M8_M20-1-scaled.jpg\"><img loading=\"lazy\" decoding=\"async\" width=\"1024\" height=\"683\" src=\"https:\/\/pisam.de\/wordpress\/wp-content\/uploads\/2026\/03\/M8_M20-1-1024x683.jpg\" alt=\"\" class=\"wp-image-449 size-full\" srcset=\"https:\/\/pisam.de\/wordpress\/wp-content\/uploads\/2026\/03\/M8_M20-1-1024x683.jpg 1024w, https:\/\/pisam.de\/wordpress\/wp-content\/uploads\/2026\/03\/M8_M20-1-300x200.jpg 300w, https:\/\/pisam.de\/wordpress\/wp-content\/uploads\/2026\/03\/M8_M20-1-768x512.jpg 768w, https:\/\/pisam.de\/wordpress\/wp-content\/uploads\/2026\/03\/M8_M20-1-1536x1024.jpg 1536w, https:\/\/pisam.de\/wordpress\/wp-content\/uploads\/2026\/03\/M8_M20-1-2048x1365.jpg 2048w\" sizes=\"auto, (max-width: 1024px) 100vw, 1024px\" \/><\/a><\/figure><div class=\"wp-block-media-text__content\">\n<p><a href=\"http:\/\/www.messier.seds.org\/m\/m008.html\">Lagunen- und Trifidnebel M8 und M20<\/a><br><\/p>\n<\/div><\/div>\n\n\n\n<div style=\"height:42px\" aria-hidden=\"true\" class=\"wp-block-spacer\"><\/div>\n\n\n\n<div class=\"wp-block-media-text is-stacked-on-mobile\" style=\"grid-template-columns:34% auto\"><figure class=\"wp-block-media-text__media\"><a href=\"https:\/\/pisam.de\/wordpress\/wp-content\/uploads\/2026\/03\/M-8-und-M-20-Mosaik-scaled.jpg\"><img loading=\"lazy\" decoding=\"async\" width=\"1024\" height=\"651\" src=\"https:\/\/pisam.de\/wordpress\/wp-content\/uploads\/2026\/03\/M-8-und-M-20-Mosaik-1024x651.jpg\" alt=\"\" class=\"wp-image-446 size-full\" srcset=\"https:\/\/pisam.de\/wordpress\/wp-content\/uploads\/2026\/03\/M-8-und-M-20-Mosaik-1024x651.jpg 1024w, https:\/\/pisam.de\/wordpress\/wp-content\/uploads\/2026\/03\/M-8-und-M-20-Mosaik-300x191.jpg 300w, https:\/\/pisam.de\/wordpress\/wp-content\/uploads\/2026\/03\/M-8-und-M-20-Mosaik-768x488.jpg 768w, https:\/\/pisam.de\/wordpress\/wp-content\/uploads\/2026\/03\/M-8-und-M-20-Mosaik-1536x976.jpg 1536w, https:\/\/pisam.de\/wordpress\/wp-content\/uploads\/2026\/03\/M-8-und-M-20-Mosaik-2048x1302.jpg 2048w\" sizes=\"auto, (max-width: 1024px) 100vw, 1024px\" \/><\/a><\/figure><div class=\"wp-block-media-text__content\">\n<p>Lagunen- und Trifidnebel M8 und <a href=\"http:\/\/www.messier.seds.org\/m\/m020.html\">M20<\/a><br><\/p>\n<\/div><\/div>\n\n\n\n<div style=\"height:42px\" aria-hidden=\"true\" class=\"wp-block-spacer\"><\/div>\n\n\n\n<div class=\"wp-block-media-text is-stacked-on-mobile\" style=\"grid-template-columns:34% auto\"><figure class=\"wp-block-media-text__media\"><a href=\"https:\/\/pisam.de\/wordpress\/wp-content\/uploads\/2026\/03\/Milchstrassenzentrum-Werner-2025-scaled.jpg\"><img loading=\"lazy\" decoding=\"async\" width=\"1024\" height=\"682\" src=\"https:\/\/pisam.de\/wordpress\/wp-content\/uploads\/2026\/03\/Milchstrassenzentrum-Werner-2025-1024x682.jpg\" alt=\"\" class=\"wp-image-445 size-full\" srcset=\"https:\/\/pisam.de\/wordpress\/wp-content\/uploads\/2026\/03\/Milchstrassenzentrum-Werner-2025-1024x682.jpg 1024w, https:\/\/pisam.de\/wordpress\/wp-content\/uploads\/2026\/03\/Milchstrassenzentrum-Werner-2025-300x200.jpg 300w, https:\/\/pisam.de\/wordpress\/wp-content\/uploads\/2026\/03\/Milchstrassenzentrum-Werner-2025-768x512.jpg 768w, https:\/\/pisam.de\/wordpress\/wp-content\/uploads\/2026\/03\/Milchstrassenzentrum-Werner-2025-1536x1024.jpg 1536w, https:\/\/pisam.de\/wordpress\/wp-content\/uploads\/2026\/03\/Milchstrassenzentrum-Werner-2025-2048x1365.jpg 2048w\" sizes=\"auto, (max-width: 1024px) 100vw, 1024px\" \/><\/a><\/figure><div class=\"wp-block-media-text__content\">\n<p><a href=\"https:\/\/de.wikipedia.org\/wiki\/Galaktisches_Zentrum\">Zentrum der Michstra\u00dfe<\/a><\/p>\n\n\n\n<p><br><\/p>\n<\/div><\/div>\n\n\n\n<p><\/p>\n","protected":false},"excerpt":{"rendered":"<p>Pferdekopf- und Orionnebel Das Bild wurde im Dezember 2018 aufgenommen in meiner namibischen Remote-Sternwarte mit einer SBIG STXL-11002 und einem Refraktor Takahashi FSQ-106. Es handelt sich um ein Mosaik aus zwei Bildern. F\u00fcr jedes der Bilder wurden in den drei Farbkan\u00e4len RGB sieben Aufnahmen mit jeweils 5 Minuten Belichtungszeit verwendet. F\u00fcr die Bildbearbeitung habe ich [&hellip;]<\/p>\n","protected":false},"author":1,"featured_media":91,"parent":0,"menu_order":2,"comment_status":"closed","ping_status":"closed","template":"","meta":{"footnotes":""},"class_list":["post-112","page","type-page","status-publish","has-post-thumbnail","hentry"],"_links":{"self":[{"href":"https:\/\/pisam.de\/index.php\/wp-json\/wp\/v2\/pages\/112","targetHints":{"allow":["GET"]}}],"collection":[{"href":"https:\/\/pisam.de\/index.php\/wp-json\/wp\/v2\/pages"}],"about":[{"href":"https:\/\/pisam.de\/index.php\/wp-json\/wp\/v2\/types\/page"}],"author":[{"embeddable":true,"href":"https:\/\/pisam.de\/index.php\/wp-json\/wp\/v2\/users\/1"}],"replies":[{"embeddable":true,"href":"https:\/\/pisam.de\/index.php\/wp-json\/wp\/v2\/comments?post=112"}],"version-history":[{"count":28,"href":"https:\/\/pisam.de\/index.php\/wp-json\/wp\/v2\/pages\/112\/revisions"}],"predecessor-version":[{"id":534,"href":"https:\/\/pisam.de\/index.php\/wp-json\/wp\/v2\/pages\/112\/revisions\/534"}],"wp:featuredmedia":[{"embeddable":true,"href":"https:\/\/pisam.de\/index.php\/wp-json\/wp\/v2\/media\/91"}],"wp:attachment":[{"href":"https:\/\/pisam.de\/index.php\/wp-json\/wp\/v2\/media?parent=112"}],"curies":[{"name":"wp","href":"https:\/\/api.w.org\/{rel}","templated":true}]}}